 j(k) be the second derivative of -k**7/840 + k**6/60 - k**5/24 + k**4/4 + k**3/6 - k. Let c(g) be the second derivative of j(g). Give c(w).
6
Let i(y) = 4*y**2 - 2*y. Suppose 0 = d + 3*t - 3 - 5, 0 = -3*d - 4*t + 14. Determine i(d).
12
Let d(u) = -u**2 - 6*u + 7. Let s = 29 + -34. What is d(s)?
12
Let j(u) = -u**2 - 7*u - 9. Suppose 0 = 2*k + 10, -3*t + 7*k = 5*k + 11. Calculate j(t).
-9
Let b(k) = -6*k - 3. Suppose -2*f - 5*u + 5 = -7*f, -f - 21 = -5*u. Give b(f).
-27
Let z(s) be the first derivative of -s**3/3 - 4*s**2 - 4*s - 9. Give z(-7).
3
Suppose -45*x = -276 + 6. Let o(i) = -i + 1. Let c(a) = -2*a + 8. Let h(n) = -c(n) + 3*o(n). What is h(x)?
-11
Let t(h) = h**2 - 3*h - 5. Let v = 7 - 2. Give t(v).
5
Let c = 16 + -16. Let d(z) = 4*z**2 + c + 5*z + 6 + z**3 + 2*z**2. Let o = -5 + 0. What is d(o)?
6
Let c(p) = -p**3 + 2*p**2 + 4*p - 2. Suppose 0*o + 2*o = 6. What is c(o)?
1
Suppose 54 + 78 = 2*r. Let g be (-4 + 1)*r/(-18). Let a(f) = 3*f**2 - 2. Let s(u) = 8*u**2 - 5. Let h(w) = g*a(w) - 4*s(w). Calculate h(3).
7
Let a(g) be the third derivative of g**6/120 + g**5/10 + 5*g**4/24 + 7*g**3/6 - 7*g**2. Calculate a(-5).
7
Let x(q) = q**2 - 6*q + 4. Let s be (2 - (1 - 3))*10/8. Give x(s).
-1
Suppose -16 = 2*w + 2*w. Let z be (-1)/3 - w/(-6). Let m(x) = 3 - 4*x**3 + 2 - 2*x**2 - 4. What is m(z)?
3
Let j = 3 - 1. Let i(x) = -x**2 + x**2 + x**j + 3 + 2*x. Give i(-3).
6
Let r(n) = 5 - 1 + n**3 - n - 3 + 1 - 6*n**2. Let s be r(6). Let u(t) = -2*t**2 - 6*t - 6. What is u(s)?
-14
Let g(u) = 3*u**2 - u**2 - u**2 - 3*u**3. Let x(p) = -p + 1. Let f(a) = -4*a - 11. Let v(t) = -f(t) + 2*x(t). Let s be v(-6). Calculate g(s).
-2
Let l(a) = -5*a**3 - 12*a**2 + a + 7. Let h(o) = -o**3 - o**2 + 1. Let z(b) = 6*h(b) - l(b). Calculate z(6).
-7
Let t(g) = -g**3 + g**2 + g - 1. Let k(u) = -5*u**3 + 11*u**2 - 3*u - 6. Let o(c) = -k(c) + 4*t(c). Determine o(5).
-13
Let d = 10 + -6. Let r(c) be the third derivative of -c**6/120 - c**5/60 - c**3/6 + 2*c**2. Let g(u) = -4*u**3 + 3*u - 5. Let m(z) = g(z) - 3*r(z). Give m(d).
-6
Let p(c) = -c**3 - 5*c**2 - 3*c + 2. Suppose 0 = -12*d + 8*d - 12. Determine p(d).
-7
Let o(a) = -a**2 - 6*a - 6. Suppose 4*k + 3*w = -20, 9*w = 4*w. Let g be o(k). Let h = 1 - g. Let i(y) = -y + 1. Determine i(h).
-1
Let a = 0 - -1. Let s(h) = -5*h + 3. Let m(x) = -x - 1. Let f(p) = -2*m(p) - s(p). Let o be f(a). Let g(r) = 2*r - 6. Give g(o).
6
Let z(k) = -k**3 + 2*k**2 + 1. Suppose 0*g - 9 = -3*g. Calculate z(g).
-8
Let q(t) be the second derivative of -7/6*t**3 + 0 - 3*t**2 - 1/12*t**4 - 4*t. Suppose 4 + 11 = -3*c. Give q(c).
4
Let c = 14687/20 - 734. Let q(v) be the second derivative of 0 + 2*v + 0*v**3 + c*v**5 + 1/6*v**4 - 1/2*v**2. What is q(1)?
8
Let x(p) be the second derivative of -p**8/6720 - p**7/2520 - p**6/720 + p**5/120 - p**4/2 + 8*p. Let r(i) be the third derivative of x(i). Calculate r(1).
-2
Let j = 61 + -62. Let s(p) = -18*p**2 + 4*p - 7. Let l(i) = -i**2 + i - 1. Let o(f) = 6*l(f) - s(f). What is o(j)?
11
Suppose -5*i = -4 - 11. Let q(y) be the third derivative of -2/3*y**3 + 0 + 5*y**2 + 0*y - 1/60*y**5 + 1/6*y**4. What is q(i)?
-1
Let i(u) = -u**3 + 9*u**2 - 11*u - 15. Let a be i(7). Let k(q) = 2*q**2 - 8*q. Calculate k(a).
24
Let j(a) = -13*a - 2. Let l(f) = 27*f + 5. Let h(k) = -13*j(k) - 6*l(k). Determine h(3).
17
Suppose 3*f - 3*s = -6*s - 24, -s = 5*f + 24. Let i(z) = -3*z - 6. Give i(f).
6
Let m(t) = -3*t**2 - 2*t - 4. Let x(v) = -v**2 + v - 1. Let l(j) = m(j) - 4*x(j). Suppose 4*f = -3*p + 38, -2*p - 5*f + 19 = -18. Determine l(p).
0
Let v(l) = l + 6. Let m be ((-3)/2)/((-3)/10). Suppose 5*f = 5 + m. Suppose f*s = -3*s. Determine v(s).
6
Let p(l) be the first derivative of l**4/4 - 4*l**3/3 + l**2/2 + l + 1. Let i(n) = -n + 12. Let a = -2 - -11. Let g be i(a). What is p(g)?
-5
Let i(c) = -16*c - 11. Let j(y) = 3*y + 2. Let q(n) = 2*i(n) + 11*j(n). Determine q(7).
7
Let v be -1 - (-3 - 0/2). Let g be (-3 - (v + -3))*-1. Let t(u) = u**3 - 2*u**2 + 3*u. Give t(g).
6
Suppose -5 = 5*g - 45. Let d(u) be the first derivative of -u**3/3 + 7*u**2/2 + 3*u - 3. Let h be d(g). Let t(l) = l**3 + 4*l**2 - 5*l + 1. What is t(h)?
1
Let m(r) be the second derivative of -r**5/20 + 5*r**4/12 + r**3/2 + 4*r**2 - 4*r. Let f be (-9)/12 + 27/4. What is m(f)?
-10
Suppose 4*x - 15 = -x. Let n(t) = 2*t + 0*t**2 + 2 + 1 - t**2. Give n(x).
0
Let c(y) = -y**2 + 3*y + 5. Suppose 6*m = -10 + 46. Determine c(m).
-13
Let i = -2 + 4. Let f(c) = -5*c + 5*c - 5*c + 3 + c**i. Suppose -d - y = -2, 3*y = -4*d + 2*y + 17. What is f(d)?
3
Let s be 7/3 - 5/15. Let o(b) = b**2 + 5*b - s*b**2 + 3*b - 5*b. What is o(3)?
0
Let j(u) be the second derivative of 4*u**2 - 1/6*u**3 + 0 + 8*u. Calculate j(4).
4
Suppose -5*a = -s - 2, -a + 7 = -0*a + 2*s. Let r(u) = -7*u - 1. Calculate r(a).
-8
Let g = -10 - -13. Let n(a) be the second derivative of -a + 0 - 1/2*a**g + 5/2*a**2 - 1/12*a**4. Give n(-5).
-5
Let v(t) = t**2 - t. Let u(w) = -18*w**2 + 15*w. Let l = 79 - 49. Let p(h) = l*v(h) + 2*u(h). Determine p(-1).
-6
Let n(b) be the third derivative of -b**5/60 + 3*b**4/8 - 2*b**3/3 - 2*b**2. Let z be n(8). Let s(v) = -2*v**2 + z + 1 - v - 3. Calculate s(2).
-8
Let r(g) = -g**2 + 3*g - 1. Let t(o) = -2*o**2 - 5*o - 3. Let q be t(-3). Let b be ((-8)/(-6))/((-4)/q). Determine r(b).
1
Let c = -4 + 8. Let h = 0 - c. Let b(u) = -3*u + 17 - 16 + 2*u. What is b(h)?
5
Let z = 7 + -4. Let g = z + 5. Suppose 6*q - g = 2*q. Let d(l) = l + 2. Calculate d(q).
4
Let g(a) = a**2 - 5*a - 7. Let m(l) = 2*l + 13. Let t be m(-4). Give g(t).
-7
Suppose 5*d = -4*w + 25 + 9, -5*w = 3*d - 36. Let m(r) be the first derivative of -r**4/4 + 7*r**3/3 - 5*r**2/2 - 4*r + 10. What is m(w)?
2
Let l(o) = -o**2 - o - 1. Let j(g) = -2*g**2 + 4*g + 1. Let k(u) = -j(u) - 2*l(u). Give k(1).
3
Let m(g) = -5*g**2 - 8*g + 2. Let o(a) = -4*a**2 - 8*a + 3. Let s(i) = 5*m(i) - 6*o(i). Suppose 0 = -2*f - f + 18. Calculate s(f).
4
Let h(o) = -3*o. Let s = 48 - 53. What is h(s)?
15
Let n(f) be the first derivative of -f**6/360 - f**5/120 - 4*f**3/3 + 3. Let r(z) be the third derivative of n(z). Let j be (-2 - (1 - 3)) + -2. Determine r(j).
-2
Suppose 6*a - 17 = 5*a. Suppose -o = o + 5*t - 26, -2*t + a = 3*o. Let g(f) = f**2 - 4*f + 1. Determine g(o).
-2
Let q(j) = j + 1. Let o(c) = c**2 + 7*c - 1. Let a(k) = -o(k) + 5*q(k). Determine a(4).
-18
Suppose -6 = -5*i + 19. Suppose 5 = i*d - 4*d. Let s(o) = -2 + o**2 - 3 + 4 - d*o**2. Give s(-1).
-5
Let b be 2/2 - (-20)/5. Let h be (0 - 1)*0/b. Let j(l) = l. What is j(h)?
0
Let z(q) be the first derivative of q**2 - 17*q - 20. Give z(13).
9
Let o(b) be the third derivative of -b**4/24 + 2*b**3/3 - 7*b**2. What is o(6)?
-2
Let v(h) = 7*h**3 + 4*h**2 - 10*h + 6. Let k(g) = -13*g**3 - 8*g**2 + 19*g - 12. Let t(u) = -6*k(u) - 11*v(u). Give t(-5).
1
Let l(n) be the second derivative of -n**6/120 - n**5/15 - n**4/12 + n**3/6 + n**2/2 - 2*n. Let u(f) be the first derivative of l(f). Give u(-3).
-2
Let x be 1*8*(-4)/(-8). Let j = -3 + x. Let l(u) = -u**2 - 4*u + 7. Let d(s) = -2*s + 4. Let f(k) = -5*d(k) + 3*l(k). Calculate f(j).
-4
Let j(s) = -s**3 + 4*s**2 - 2*s. Let u = -5 + 8. Let w be j(u). Let l(h) = -h**3 + 3*h**2 + 2*h + 2. Determine l(w).
8
Let d(c) = -c**3 - 7*c**2 - 2*c - 4. Let s(l) = -9*l + 38. Let j be s(5). Give d(j).
10
Let l(a) = -9*a**2. Suppose -3*f + 3 - 11 = 2*h, 2*h - 3*f + 32 = 0. Let c(s) = -s**3 - 10*s**2 - 1. Let d be c(h). Calculate l(d).
-9
Let m(b) = b**3 + b**2 - 7. Let y be (-30)/(-9)*(-3)/(-2). Suppose q + 15 = -2*q, -3*z - y*q = 25. Give m(z).
-7
Let l(o) be the first derivative of -7 + 1/4*o**4 + 7*o + 0*o**2 + 1/3*o**3. Give l(0).
7
Let c(h) = -h**2 - 3*h + 4. Let y be 24/(-7) - (-9)/21. Let i = y - 0. What is c(i)?
4
Let i(k) = 4*k**3. Let j be ((-14)/4)/7*-2. Give i(j).
4
Suppose l + 8 = 6. Let s(x) = -x**3 + 2*x**2 - 2. Give s(l).
14
Let j(i) = -2*i + 5. Let b be (72/(-28))/((-3)/14). Let x = -8 + b. Determine j(x).
-3
Let m(g) = 2*g**3 + g**2 - 10*g. Suppose -10*d - 60 = -5*d. Let y = d - -4. Let o(t) = -3*t**3 - t**2 + 15*t. Let k(u) = y*m(u) - 5*o(u). What is k(-4)?
-4
Let l(c) = c**3 - c**2 - 3*c - 3. Let y(r) = 3*r + 2. Let f be y(-2). Let m = f + 6. Suppose -x + 2*v = -5*x + 18, 6 = 4*x - m*v. Give l(x).
6
Let v(n) = n**2 + 4*n